{"id":1326,"date":"2017-10-16T13:06:09","date_gmt":"2017-10-16T13:06:09","guid":{"rendered":"http:\/\/ninzio.com\/agrikole\/?page_id=1326"},"modified":"2021-08-10T16:05:12","modified_gmt":"2021-08-10T16:05:12","slug":"nosotros","status":"publish","type":"page","link":"https:\/\/www.agencialead.com\/proyectos\/azul-group\/nosotros\/","title":{"rendered":"Nosotros"},"content":{"rendered":"<p>[vc_row][vc_column]\r\n\t<div class=\"agrikole-spacer clearfix\" data-desktop=\"120\" data-mobi=\"60\" data-smobi=\"60\"><\/div>[vc_row_inner][vc_column_inner width=\u00bb1\/2&#8243;]<div class=\"agrikole-content-box clearfix \" data-padding=\"0px 70px 0px 0px\" data-mobipadding=\"0px 0px 0px 0px\" data-margin=\"\" data-mobimargin=\"\" >\r\n\t\t<div class=\"inner ctb-1573287196\" style=\"\"  data-background=\"\" data-border-style=\"solid\" data-border-style-hover=\"solid\">\r\n\t\t\t<div class=\"agrikole-simple-image simple \" style=\"border-radius:5px;overflow:hidden;\">\r\n\t\t\t\t<img decoding=\"async\" alt=\"image\" src=\"https:\/\/www.agencialead.com\/proyectos\/azul-group\/wp-content\/uploads\/2021\/07\/nosotros-interna-vnosotros.png\" \/> \r\n\t\t\t<\/div>\r\n\t\t<\/div>\r\n\t<\/div>\r\n\t<div class=\"agrikole-spacer clearfix\" data-desktop=\"0\" data-mobi=\"40\" data-smobi=\"40\"><\/div>[\/vc_column_inner][vc_column_inner width=\u00bb1\/2&#8243;]<div class=\"agrikole-headings clearfix \" data-font=70 data-mfont=60 style=\"\"><div class=\"pre-heading clearfix\" style=\"font-weight:600;color:#5b8c51;font-size:14px;letter-spacing:3px;\">\r\n\t\tSOBRE NOSOTROS\r\n\t<\/div><h2 class=\"heading clearfix \" style=\"line-height:70px;font-size:70px;\">\r\n\t\tExpertos en productos org\u00e1nicos de alta calidad\r\n\t<\/h2><div class=\"sep clearfix\" style=\"margin:5px 0 0;\">\r\n\t\t\t\t<img decoding=\"async\" alt=\"image\" src=\"https:\/\/www.agencialead.com\/proyectos\/azul-group\/wp-content\/uploads\/2021\/08\/ramitas-.png\">\r\n\t\t\t<\/div><\/div>\r\n\t<div class=\"agrikole-spacer clearfix\" data-desktop=\"40\" data-mobi=\"30\" data-smobi=\"30\"><\/div>[vc_column_text]<span>Lideres en Quinua y Superfoods org\u00e1nicos de alta calidad &#8211; Somos le empresa peruana l\u00edder en la proveedur\u00eda, procesamiento y exportaci\u00f3n de quinua org\u00e1nica, quinuas especiales y otros Superfoods. Mas de 25 a\u00f1os de experiencia construyendo relaciones de largo plazo con proveedores y clientes en m\u00e1s de 30 pa\u00edses.<\/span>[\/vc_column_text][\/vc_column_inner][\/vc_row_inner]\r\n\t<div class=\"agrikole-spacer clearfix\" data-desktop=\"100\" data-mobi=\"60\" data-smobi=\"60\"><\/div>[\/vc_column][\/vc_row][vc_row css=\u00bb.vc_custom_1613665120796{background-color: #f5f0e9 !important;}\u00bb][vc_column]\r\n\t<div class=\"agrikole-spacer clearfix\" data-desktop=\"120\" data-mobi=\"60\" data-smobi=\"60\"><\/div>[vc_row_inner][vc_column_inner width=\u00bb1\/2&#8243; css=\u00bb.vc_custom_1616613484597{padding-right: 60px !important;}\u00bb]<div class=\"agrikole-headings clearfix \" data-font=70 data-mfont=60 style=\"\"><div class=\"pre-heading clearfix\" style=\"font-weight:600;color:#5b8c51;font-size:14px;letter-spacing:3px;\">\r\n\t\tMISI\u00d3N \/ VISI\u00d3N\r\n\t<\/div><h2 class=\"heading clearfix \" style=\"line-height:70px;font-size:70px;\">\r\n\t\tExpertos en la cadena global de proveedur\u00eda\r\n\t<\/h2><div class=\"sep clearfix\" style=\"margin:5px 0 0;\">\r\n\t\t\t\t<img decoding=\"async\" alt=\"image\" src=\"https:\/\/www.agencialead.com\/proyectos\/azul-group\/wp-content\/uploads\/2021\/08\/ramitas-.png\">\r\n\t\t\t<\/div><\/div>\r\n\t<div class=\"agrikole-spacer clearfix\" data-desktop=\"40\" data-mobi=\"30\" data-smobi=\"30\"><\/div>[vc_column_text]<\/p>\n<p style=\"text-align: justify;\"><strong>Misi\u00f3n:<\/strong> Entender, anticipar e integrar el comportamiento de la cadena de abastecimiento y el mercado de granos andinos, para construir valor sostenido en el campo y en el cliente.<\/p>\n<p style=\"text-align: justify;\"><strong>Visi\u00f3n:<\/strong> Ser el principal, el m\u00e1s responsable y el m\u00e1s confiable proveedor de granos andinos y otros Superfoods peruanos.<\/p>\n<p>[\/vc_column_text][\/vc_column_inner][vc_column_inner width=\u00bb1\/2&#8243;]<div class=\"agrikole-content-box clearfix \" data-padding=\"0px 70px 0px 0px\" data-mobipadding=\"0px 0px 0px 0px\" data-margin=\"\" data-mobimargin=\"\" >\r\n\t\t<div class=\"inner ctb-1720753595\" style=\"\"  data-background=\"\" data-border-style=\"solid\" data-border-style-hover=\"solid\">\r\n\t\t\t<div class=\"agrikole-simple-image simple \" style=\"border-radius:5px;overflow:hidden;\">\r\n\t\t\t\t<img decoding=\"async\" alt=\"image\" src=\"https:\/\/www.agencialead.com\/proyectos\/azul-group\/wp-content\/uploads\/2021\/03\/nosotros-interna-2.jpg\" \/> \r\n\t\t\t<\/div>\r\n\t\t<\/div>\r\n\t<\/div>\r\n\t<div class=\"agrikole-spacer clearfix\" data-desktop=\"0\" data-mobi=\"40\" data-smobi=\"40\"><\/div>[\/vc_column_inner][\/vc_row_inner]\r\n\t<div class=\"agrikole-spacer clearfix\" data-desktop=\"100\" data-mobi=\"60\" data-smobi=\"60\"><\/div>[\/vc_column][\/vc_row][vc_row][vc_column]\r\n\t<div class=\"agrikole-spacer clearfix\" data-desktop=\"112\" data-mobi=\"60\" data-smobi=\"60\"><\/div><div class=\"agrikole-headings clearfix text-center\" data-font=70 data-mfont=60 style=\"\"><div class=\"pre-heading clearfix\" style=\"font-weight:600;color:#5b8c51;font-size:14px;letter-spacing:3px;\">\r\n\t\tMODELO SOSTENIBLE\r\n\t<\/div><h2 class=\"heading clearfix \" style=\"line-height:70px;font-size:70px;\">\r\n\t\tNuestros valores\r\n\t<\/h2><div class=\"sub-heading clearfix\">\r\n\t\t<p><span>Las relaciones solidas se construyen sobre valores comunes<\/span><\/p>\n\r\n\t<\/div><div class=\"sep clearfix\" style=\"margin:5px 0 0;\">\r\n\t\t\t\t<img decoding=\"async\" alt=\"image\" src=\"https:\/\/www.agencialead.com\/proyectos\/azul-group\/wp-content\/uploads\/2021\/08\/ramitas-.png\">\r\n\t\t\t<\/div><\/div>\r\n\t<div class=\"agrikole-spacer clearfix\" data-desktop=\"60\" data-mobi=\"40\" data-smobi=\"40\"><\/div>[vc_row_inner][vc_column_inner width=\u00bb1\/2&#8243;]<div class=\"agrikole-image-box clearfix style-1 \" style=\"\" >\r\n        <div class=\"item\">\r\n            <div class=\"inner\">\r\n                <div class=\"thumb\" style=\"\"> <img loading=\"lazy\" decoding=\"async\" width=\"750\" height=\"469\" src=\"https:\/\/www.agencialead.com\/proyectos\/azul-group\/wp-content\/uploads\/2021\/07\/0001_responsabilidad-copia.png\" class=\"attachment-full size-full\" alt=\"\" srcset=\"https:\/\/www.agencialead.com\/proyectos\/azul-group\/wp-content\/uploads\/2021\/07\/0001_responsabilidad-copia.png 750w, https:\/\/www.agencialead.com\/proyectos\/azul-group\/wp-content\/uploads\/2021\/07\/0001_responsabilidad-copia-300x188.png 300w, https:\/\/www.agencialead.com\/proyectos\/azul-group\/wp-content\/uploads\/2021\/07\/0001_responsabilidad-copia-570x356.png 570w\" sizes=\"auto, (max-width: 750px) 100vw, 750px\" \/><\/div>\r\n                <div class=\"text-wrap \" style=\" padding:45px 50px 20px;\">\r\n                      \r\n                <\/div>\r\n            <\/div>\r\n        <\/div>\r\n    <\/div>[\/vc_column_inner][vc_column_inner width=\u00bb1\/2&#8243;]<div class=\"agrikole-image-box clearfix style-1 \" style=\"\" >\r\n        <div class=\"item\">\r\n            <div class=\"inner\">\r\n                <div class=\"thumb\" style=\"\"> <img loading=\"lazy\" decoding=\"async\" width=\"750\" height=\"469\" src=\"https:\/\/www.agencialead.com\/proyectos\/azul-group\/wp-content\/uploads\/2021\/07\/0000_respeto-copia.png\" class=\"attachment-full size-full\" alt=\"\" srcset=\"https:\/\/www.agencialead.com\/proyectos\/azul-group\/wp-content\/uploads\/2021\/07\/0000_respeto-copia.png 750w, https:\/\/www.agencialead.com\/proyectos\/azul-group\/wp-content\/uploads\/2021\/07\/0000_respeto-copia-300x188.png 300w, https:\/\/www.agencialead.com\/proyectos\/azul-group\/wp-content\/uploads\/2021\/07\/0000_respeto-copia-570x356.png 570w\" sizes=\"auto, (max-width: 750px) 100vw, 750px\" \/><\/div>\r\n                <div class=\"text-wrap \" style=\" padding:45px 50px 20px;\">\r\n                      \r\n                <\/div>\r\n            <\/div>\r\n        <\/div>\r\n    <\/div>[\/vc_column_inner][\/vc_row_inner][vc_row_inner][vc_column_inner width=\u00bb1\/2&#8243; halfbg=\u00bbcolor\u00bb]<div class=\"agrikole-image-box clearfix style-1 \" style=\"\" >\r\n        <div class=\"item\">\r\n            <div class=\"inner\">\r\n                <div class=\"thumb\" style=\"\"> <img loading=\"lazy\" decoding=\"async\" width=\"750\" height=\"469\" src=\"https:\/\/www.agencialead.com\/proyectos\/azul-group\/wp-content\/uploads\/2021\/07\/aprender-1.jpg\" class=\"attachment-full size-full\" alt=\"\" srcset=\"https:\/\/www.agencialead.com\/proyectos\/azul-group\/wp-content\/uploads\/2021\/07\/aprender-1.jpg 750w, https:\/\/www.agencialead.com\/proyectos\/azul-group\/wp-content\/uploads\/2021\/07\/aprender-1-300x188.jpg 300w, https:\/\/www.agencialead.com\/proyectos\/azul-group\/wp-content\/uploads\/2021\/07\/aprender-1-570x356.jpg 570w\" sizes=\"auto, (max-width: 750px) 100vw, 750px\" \/><\/div>\r\n                <div class=\"text-wrap \" style=\" padding:10px 50px 43px;\">\r\n                      \r\n                <\/div>\r\n            <\/div>\r\n        <\/div>\r\n    <\/div>[\/vc_column_inner][vc_column_inner width=\u00bb1\/2&#8243;]<div class=\"agrikole-image-box clearfix style-1 \" style=\"\" >\r\n        <div class=\"item\">\r\n            <div class=\"inner\">\r\n                <div class=\"thumb\" style=\"\"> <img loading=\"lazy\" decoding=\"async\" width=\"750\" height=\"469\" src=\"https:\/\/www.agencialead.com\/proyectos\/azul-group\/wp-content\/uploads\/2021\/07\/colaboracion-1.jpg\" class=\"attachment-full size-full\" alt=\"\" srcset=\"https:\/\/www.agencialead.com\/proyectos\/azul-group\/wp-content\/uploads\/2021\/07\/colaboracion-1.jpg 750w, https:\/\/www.agencialead.com\/proyectos\/azul-group\/wp-content\/uploads\/2021\/07\/colaboracion-1-300x188.jpg 300w, https:\/\/www.agencialead.com\/proyectos\/azul-group\/wp-content\/uploads\/2021\/07\/colaboracion-1-570x356.jpg 570w\" sizes=\"auto, (max-width: 750px) 100vw, 750px\" \/><\/div>\r\n                <div class=\"text-wrap \" style=\" padding:10px 50px 43px;\">\r\n                      \r\n                <\/div>\r\n            <\/div>\r\n        <\/div>\r\n    <\/div>[\/vc_column_inner][\/vc_row_inner][\/vc_column][\/vc_row][vc_row parallax=\u00bbcontent-moving\u00bb full_width=\u00bbstretch_row\u00bb css=\u00bb.vc_custom_1611911589372{background-color: #f2ede7 !important;}\u00bb][vc_column]\r\n\t<div class=\"agrikole-spacer clearfix\" data-desktop=\"112\" data-mobi=\"60\" data-smobi=\"60\"><\/div><div class=\"agrikole-headings clearfix text-center\" data-font=70 data-mfont=60 style=\"\"><div class=\"pre-heading clearfix\" style=\"font-weight:600;color:#5b8c51;font-size:14px;letter-spacing:3px;\">\r\n\t\tEXPORTACIONES\r\n\t<\/div><h2 class=\"heading clearfix \" style=\"line-height:70px;font-size:70px;\">\r\n\t\tExportamos a m\u00e1s<br \/>\nde 30 pa\u00edses.\r\n\t<\/h2><div class=\"sub-heading clearfix\">\r\n\t\t<p><span>Oficinas de representaci\u00f3n directa\u00a0en EEUU y Europa.<\/span><\/p>\n\r\n\t<\/div><div class=\"sep clearfix\" style=\"margin:5px 0 0;\">\r\n\t\t\t\t<img decoding=\"async\" alt=\"image\" src=\"https:\/\/www.agencialead.com\/proyectos\/azul-group\/wp-content\/uploads\/2021\/08\/ramitas-.png\">\r\n\t\t\t<\/div><\/div>\r\n\t<div class=\"agrikole-spacer clearfix\" data-desktop=\"30\" data-mobi=\"30\" data-smobi=\"30\"><\/div><div class=\"agrikole-simple-image simple \" style=\"\">\r\n\t\t\t\t<img decoding=\"async\" alt=\"image\" src=\"https:\/\/www.agencialead.com\/proyectos\/azul-group\/wp-content\/uploads\/2021\/07\/mapa.png\" \/> \r\n\t\t\t<\/div>\r\n\t<div class=\"agrikole-spacer clearfix\" data-desktop=\"110\" data-mobi=\"60\" data-smobi=\"60\"><\/div>[\/vc_column][\/vc_row]<\/p>\n","protected":false},"excerpt":{"rendered":"<p>[vc_row][vc_column][vc_row_inner][vc_column_inner width=\u00bb1\/2&#8243;][\/vc_column_inner][vc_column_inner width=\u00bb1\/2&#8243;][vc_column_text]Lideres en Quinua y Superfoods org\u00e1nicos de alta calidad &#8211; Somos le empresa peruana l\u00edder en la proveedur\u00eda, procesamiento y exportaci\u00f3n de quinua org\u00e1nica, quinuas especiales y otros Superfoods. Mas de 25 a\u00f1os de experiencia construyendo relaciones de largo plazo con proveedores y clientes en m\u00e1s de 30<\/p>\n","protected":false},"author":1,"featured_media":0,"parent":0,"menu_order":0,"comment_status":"closed","ping_status":"closed","template":"","meta":{"inline_featured_image":false,"footnotes":""},"class_list":["post-1326","page","type-page","status-publish","hentry"],"_links":{"self":[{"href":"https:\/\/www.agencialead.com\/proyectos\/azul-group\/wp-json\/wp\/v2\/pages\/1326","targetHints":{"allow":["GET"]}}],"collection":[{"href":"https:\/\/www.agencialead.com\/proyectos\/azul-group\/wp-json\/wp\/v2\/pages"}],"about":[{"href":"https:\/\/www.agencialead.com\/proyectos\/azul-group\/wp-json\/wp\/v2\/types\/page"}],"author":[{"embeddable":true,"href":"https:\/\/www.agencialead.com\/proyectos\/azul-group\/wp-json\/wp\/v2\/users\/1"}],"replies":[{"embeddable":true,"href":"https:\/\/www.agencialead.com\/proyectos\/azul-group\/wp-json\/wp\/v2\/comments?post=1326"}],"version-history":[{"count":76,"href":"https:\/\/www.agencialead.com\/proyectos\/azul-group\/wp-json\/wp\/v2\/pages\/1326\/revisions"}],"predecessor-version":[{"id":14672,"href":"https:\/\/www.agencialead.com\/proyectos\/azul-group\/wp-json\/wp\/v2\/pages\/1326\/revisions\/14672"}],"wp:attachment":[{"href":"https:\/\/www.agencialead.com\/proyectos\/azul-group\/wp-json\/wp\/v2\/media?parent=1326"}],"curies":[{"name":"wp","href":"https:\/\/api.w.org\/{rel}","templated":true}]}}